4
Calculate the remainder when 89797618 is divided by 33.
31
Calculate the remainder when 1399822 is divided by 786.
742
Calculate the remainder when 110264 is divided by 557.
535
Calculate the remainder when 214818264 is divided by 146.
142
Calculate the remainder when 354739 is divided by 20860.
119
Calculate the remainder when 80871208 is divided by 238.
236
What is the remainder when 3017 is divided by 910?
287
Calculate the remainder when 57634 is divided by 146.
110
What is the remainder when 208372976 is divided by 6494?
6492
What is the remainder when 6524559 is divided by 560?
559
Calculate the remainder when 402246 is divided by 664.
526
Calculate the remainder when 5516842 is divided by 250765.
12
What is the remainder when 30562423 is divided by 15?
13
Calculate the remainder when 2174039 is divided by 366.
365
What is the remainder when 148191 is divided by 240?
111
Calculate the remainder when 2787054 is divided by 15.
9
Calculate the remainder when 74623556 is divided by 522.
2
What is the remainder when 7839535 is divided by 1505?
1495
What is the remainder when 6166097 is divided by 2054?
2043
Calculate the remainder when 2720483 is divided by 148.
95
Calculate the remainder when 6660140 is divided by 2371.
1
What is the remainder when 1184843 is divided by 8838?
551
Calculate the remainder when 126387 is divided by 25209.
342
What is the remainder when 83583658 is divided by 10?
8
Calculate the remainder when 1653420 is divided by 1833.
54
Calculate the remainder when 17909653 is divided by 20657.
34
Calculate the remainder when 3124147 is divided by 27894.
19
What is the remainder when 53652550 is divided by 1094950?
0
What is the remainder when 162537 is divided by 161883?
654
Calculate the remainder when 3816899 is divided by 3816892.
7
What is the remainder when 362023 is divided by 32762?
1641
What is the remainder when 637771 is divided by 6442?
13
Calculate the remainder when 2931358 is divided by 1782.
1750
What is the remainder when 3904781 is divided by 325397?
17
What is the remainder when 2055120 is divided by 10539?
15
What is the remainder when 3374201 is divided by 39?
38
Calculate the remainder when 628561 is divided by 217.
129
What is the remainder when 7729658 is divided by 226?
6
What is the remainder when 6141519 is divided by 51?
48
What is the remainder when 571321 is divided by 142725?
421
Calculate the remainder when 22107142 is divided by 200974.
2
Calculate the remainder when 3242136 is divided by 9111.
7731
What is the remainder when 23265332 is divided by 1977?
1973
Calculate the remainder when 2163462 is divided by 393.
390
Calculate the remainder when 700575 is divided by 140110.
25
Calculate the remainder when 1015967 is divided by 8192.
159
Calculate the remainder when 718980 is divided by 6657.
24
Calculate the remainder when 98594549 is divided by 225.
224
Calculate the remainder when 85751 is divided by 2443.
246
Calculate the remainder when 736412 is divided by 239.
53
Calculate the remainder when 5022304 is divided by 236.
224
Calculate the remainder when 3091771 is divided by 745.
21
What is the remainder when 102440 is divided by 51076?
288
What is the remainder when 55383996 is divided by 2408?
2404
What is the remainder when 38144 is divided by 21?
8
Calculate the remainder when 34764 is divided by 2852.
540
What is the remainder when 6065962 is divided by 13540?
42
Calculate the remainder when 69648 is divided by 11444.
984
Calculate the remainder when 304676 is divided by 18.
8
Calculate the remainder when 342329 is divided by 198.
185
Calculate the remainder when 234837 is divided by 78179.
300
Calculate the remainder when 1961798 is divided by 653928.
14
Calculate the remainder when 8445407 is divided by 12.
11
What is the remainder when 3958952 is divided by 79179?
2
Calculate the remainder when 1349459 is divided by 97.
92
What is the remainder when 101246448 is divided by 56912?
0
What is the remainder when 1714025 is divided by 33606?
119
Calculate the remainder when 220829278 is divided by 112.
110
Calculate the remainder when 123601 is divided by 11230.
71
What is the remainder when 425469 is divided by 141420?
1209
What is the remainder when 35476090 is divided by 1313928?
34
What is the remainder when 2167603 is divided by 337?
19
Calculate the remainder when 3263084 is divided by 163154.
4
Calculate the remainder when 110652904 is divided by 922.
918
What is the remainder when 172544 is divided by 713?
711
Calculate the remainder when 3607425 is divided by 1681.
1680
Calculate the remainder when 1521906 is divided by 72424.
1002
What is the remainder when 74666078 is divided by 32?
30
Calculate the remainder when 2733387 is divided by 2149.
2008
What is the remainder when 3948481 is divided by 2064?
49
Calculate the remainder when 467044 is divided by 155269.
1237
What is the remainder when 123562363 is divided by 450?
13
What is the remainder when 14761458 is divided by 33?
30
What is the remainder when 472165 is divided by 157380?
25
Calculate the remainder when 76524906 is divided by 115.
111
What is the remainder when 66711 is divided by 66381?
330
What is the remainder when 14597777 is divided by 1180?
1177
What is the remainder when 20142468 is divided by 157?
153
What is the remainder when 13641992 is divided by 2?
0
What is the remainder when 79891 is divided by 13245?
421
What is the remainder when 13482200 is divided by 1914?
1898
What is the remainder when 316035 is divided by 2306?
113
What is the remainder when 90426 is divided by 1413?
1407
Calculate the remainder when 3416457 is divided by 1138597.
666
What is the remainder when 146392346 is divided by 29278466?
16
What is the remainder when 277662 is divided by 529?
466
Calculate the remainder when 400495 is divided by 1054.
1029
Calculate the remainder when 574691 is divided by 95703.
473
What is the remainder when 96406 is divided by 96222?
184
What is the remainder when 106018267 is divided by 149?
148
What is the remainder when 7315173 is divided by 7315143?
30
What is the remainder when 11529 is divided by 5592?
345
Calculate the remainder when 1864542 is divided by 310755.
12
Calculate the remainder when 5364344 is divided by 4.
0
Calculate the remainder when 410873 is divided by 480.
473
Calculate the remainder when 221831343 is divided by 781.
8
Calculate the remainder when 6167612 is divided by 6167487.
125
Calculate the remainder when 12331 is divided by 4049.
184
Calculate the remainder when 100611 is divided by 25123.
119
Calculate the remainder when 1595159 is divided by 8.
7
What is the remainder when 538678 is divided by 67320?
118
What is the remainder when 421300 is divided by 421114?
186
What is the remainder when 1151840039 is divided by 780?
779
What is the remainder when 12863038 is divided by 269?
265
Calculate the remainder when 1785075 is divided by 255005.
40
Calculate the remainder when 74702 is divided by 24649.
755
Calculate the remainder when 5766583 is divided by 1576.
1575
Calculate the remainder when 3124214 is divided by 4540.
694
Calculate the remainder when 37447 is divided by 12481.
4
What is the remainder when 228420 is divided by 1441?
742
What is the remainder when 11179794 is divided by 1398?
1386
What is the remainder when 289198635 is divided by 16?
11
Calculate the remainder when 2615005 is divided by 5029.
4954
What is the remainder when 2106252 is divided by 8776?
12
What is the remainder when 76257644 is divided by 38128815?
14
Calculate the remainder when 640165 is divided by 673.
142
Calculate the remainder when 44090738 is divided by 77.
76
Calculate the remainder when 17590197 is divided by 40.
37
What is the remainder when 401794 is divided by 145?
144
What is the remainder when 72470 is divided by 35811?
848
What is the remainder when 6126287 is divided by 6126271?
16
What is the remainder when 37706 is divided by 1832?
1066
What is the remainder when 7062 is divided by 638?
44
What is the remainder when 175376 is divided by 43796?
192
What is the remainder when 24787150 is divided by 110?
80
What is the remainder when 17588961 is divided by 630?
621
What is the remainder when 697371 is divided by 2936?
1539
What is the remainder when 1213385 is divi